*2 - 52*p + 153. Give a(8).
-7
Let c(v) = v**3 - 5*v**2 + 51*v - 38. Determine c(6).
304
Let p(s) = -77*s**3 - 5*s**2 - 2*s. Give p(-1).
74
Let r(z) = -101*z + 1542. Calculate r(15).
27
Let p(i) = i**2 + 59*i + 557. Determine p(-30).
-313
Let d(o) = o**3 + 79*o**2 + 165*o + 873. Calculate d(-77).
26
Let i(b) = -1144*b + 11443. Determine i(10).
3
Let d(y) = -61*y - 1709. What is d(-28)?
-1
Let r(b) = 9*b**2 - 17*b + 19. Determine r(5).
159
Let g(u) = -6*u**3 - 2*u**2 - 2*u - 1. Calculate g(-1).
5
Let f(g) = 54*g - 750. What is f(14)?
6
Let r(z) = z**3 - 32*z**2 + 543*z - 14565. What is r(30)?
-75
Let n(u) = -u - 38. Determine n(2).
-40
Let o(c) = -9*c**3 - 55*c**2 + 137*c + 25. Determine o(-8).
17
Let z(a) = 313*a + 1883. Determine z(-6).
5
Let s(h) = -2*h**2 - 21*h + 631. Determine s(-21).
190
Let h(s) = -s**3 + 29*s**2 + 26*s + 87. Determine h(30).
-33
Let k(n) = 6*n + 900. Give k(-20).
780
Let r(i) = 2*i**2 - 134*i + 1566. Give r(52).
6
Let z(c) = -c**3 + 22*c**2 - 144*c + 3704. Give z(23).
-137
Let p(d) = 5*d**2 + 104*d - 227. Determine p(-22).
-95
Let q(p) = p**2 + 52*p - 24. Give q(-52).
-24
Let q(n) = 2*n**3 - 14*n**2 + 8*n - 1. Calculate q(6).
-25
Let y(q) = -q**3 + 7*q**2 - 6*q + 2. Determine y(2).
10
Let i(k) = -7*k**2 + 20*k - 56. Determine i(4).
-88
Let u(n) = n**3 + 54*n**2 + 135*n + 10458. What is u(-55)?
8
Let f(s) = 16*s - 229. What is f(8)?
-101
Let k(p) = -230*p + 571. Give k(0).
571
Let w(l) = -2*l**3 + 86*l**2 + 86*l + 68. Give w(44).
-20
Let c(o) = 2*o**3 - 23*o**2 - 31*o - 37. Determine c(13).
67
Let u(b) = -b**3 + 64*b**2 + 24*b - 1538. Give u(64).
-2
Let x(u) = 427*u + 1339. Give x(-3).
58
Let f(c) = -682*c + 13032. What is f(19)?
74
Let z(b) = 51*b + 194. Determine z(-4).
-10
Let r(a) = -a**2 - 21*a - 44. What is r(-19)?
-6
Let i(j) = -j**3 - 12*j**2 + 15*j - 174. What is i(-14)?
8
Let h(j) = 5*j**2 - 20*j - 10. Give h(0).
-10
Let o(h) = h**3 - 7*h**2 + 15*h - 5. Calculate o(4).
7
Let d(k) = -354*k + 605. Calculate d(2).
-103
Let b(u) = 11*u**2 - 130*u - 143. What is b(13)?
26
Let q(c) = -3*c**2 + 63*c + 43. What is q(19)?
157
Let n(o) = -o**2 + 627*o + 9. What is n(0)?
9
Let y(b) = b**3 - 16*b**2 + 51*b - 817. Give y(16).
-1
Let o(i) = 2*i**2 - 4*i + 19. Give o(6).
67
Let i(t) = 2*t**2 + 40*t - 37. Calculate i(0).
-37
Let l(h) = 3031*h + 21190. Determine l(-7).
-27
Let o(k) = 3*k**3 + 28*k**2 - k - 8. Give o(-9).
82
Let b(c) = 2*c**3 - 31*c**2 - 2*c - 71. Give b(16).
153
Let c(o) = 3*o**3 - o**2 - 14*o - 32. Give c(-4).
-184
Let l(n) = -81*n + 383. Calculate l(4).
59
Let b(j) = -j**2 + 109*j - 1458. Determine b(16).
30
Let n(p) = 3*p**3 + 29*p**2 - 31*p - 12. Calculate n(-11).
-155
Let l(k) = 15*k**2 + 32*k - 57. What is l(4)?
311
Let w(y) = -y**2 - 131*y - 3169. What is w(-99)?
-1
Let t(o) = -o**3 - 12*o**2 + 323*o + 2864. Determine t(-8).
24
Let k(s) = -3*s**2 - 159*s + 816. Determine k(5).
-54
Let c(b) = -b**3 - b**2 + 5*b - 1. What is c(-3)?
2
Let a(g) = g**3 - 80*g**2 + 224*g + 19. What is a(77)?
-520
Let u(f) = 3*f**2 - 14*f - 397. What is u(-10)?
43
Let s(o) = 12*o**2 - 19*o - 80. Calculate s(4).
36
Let v(s) = 217*s - 1064. Give v(5).
21
Let w(j) = -j**3 - 8*j**2 + 10*j - 26. Calculate w(-7).
-145
Let y(v) = -99*v**2 - 1212*v - 1212. Give y(-1).
-99
Let o(f) = 18*f - 215. What is o(-7)?
-341
Let x(b) = -41*b + 863. Give x(22).
-39
Let r(n) = 12*n - 64. Determine r(14).
104
Let c(j) = -46*j + 824. Calculate c(18).
-4
Let h(r) = -r**3 + 1035*r**2 - 16305*r + 22. Give h(16).
6
Let x(d) = d**2 - 46*d + 373. What is x(37)?
40
Let c(r) = -125*r**3 - r**2 - 3*r + 4. Calculate c(1).
-125
Let b(y) = -y**3 + 15*y**2 + 39*y + 254. What is b(18)?
-16
Let l(m) = -m**3 + 28*m**2 - 139*m + 550. Give l(23).
-2
Let m(j) = -j**3 - 5*j**2 - 10*j - 110. Give m(-5).
-60
Let l(g) = -2*g**2 + 167*g + 208. Calculate l(85).
-47
Let p(x) = 361*x + 361. What is p(-1)?
0
Let r(o) = -o**2 - 15*o + 148. Determine r(-17).
114
Let q(y) = 6*y**3 + 189*y**2 - 107*y - 347. Calculate q(-32).
5
Let u(i) = -i**2 + 56*i + 1238. Determine u(-17).
-3
Let f(h) = h**3 + 81*h**2 - 262*h - 809. Determine f(-84).
31
Let k(r) = 29*r**2 - 18*r - 33. Calculate k(-2).
119
Let u(o) = 58*o - 1730. Determine u(31).
68
Let f(k) = -20*k**2 + k. What is f(-3)?
-183
Let f(i) = -152*i**3 - 15*i**2 - 21*i - 5. Give f(-1).
153
Let i(z) = 43*z + 263. Give i(-5).
48
Let l(u) = -2*u**3 + 17*u**2 + 80*u - 631. Give l(7).
76
Let c(n) = n**2 - 8*n - 65. Give c(13).
0
Let o(c) = 2*c**3 + 6*c**2 + 97*c + 738. Give o(-6).
-60
Let p(d) = -2*d**3 + 106*d**2 + 111*d - 177. Give p(54).
-15
Let m(q) = -q**2 - 12*q - 35. Calculate m(-6).
1
Let i(l) = -l**2 + 231*l + 2891. What is i(-12)?
-25
Let k(p) = p**3 + 45*p**2 - 53*p - 342. Calculate k(-46).
-20
Let q(x) = -11*x**2 - 28*x + 65. Give q(-11).
-958
Let m(s) = -222*s - 146. What is m(0)?
-146
Let z(b) = 35*b + 503. Calculate z(-9).
188
Let u(t) = 2*t**3 + 21*t**2 - 47*t - 449. Determine u(-11).
-53
Let h(o) = -2*o**2 + 19*o - 19. Calculate h(1).
-2
Let x(p) = -p**3 - 39*p**2 - 102*p + 250. Determine x(-36).
34
Let n(j) = 70*j - 2092. Determine n(19).
-762
Let u(g) = 12*g**3 + 1332*g**2 - 9*g - 1004. Give u(-111).
-5
Let a(b) = b**3 + 5*b**2 + 34*b + 237. Give a(-6).
-3
Let c(v) = -795*v**2 - 3978*v - 1. Give c(-5).
14
Let m(k) = -51*k + 178. Give m(4).
-26
Let i(k) = 2951*k + 61972. Give i(-21).
1
Let b(w) = 268*w + 4303. Determine b(-16).
15
Let m(j) = -4*j**2 - 303*j + 1234. Determine m(4).
-42
Let v(b) = 2*b**3 - 4*b**2 + 17*b - 578. Give v(0).
-578
Let z(n) = -n**2 - 64*n - 206. Calculate z(-3).
-23
Let p(u) = 203*u + 204. Calculate p(-1).
1
Let b(t) = t**2 - 2*t + 122. Calculate b(10).
202
Let c(r) = -2*r**2 - 104*r + 2037. Give c(16).
-139
Let y(t) = 1065*t**2 - 1056*t - 4. Determine y(1).
5
Let j(n) = -92*n - 2022. Give j(-21).
-90
Let m(v) = -5*v**2 + 191*v + 95. Calculate m(40).
-265
Let x(j) = -j**3 - 23*j**2 + 21*j - 176. Determine x(-25).
549
Let h(n) = 2*n**2 - 29*n - 948. Calculate h(30).
-18
Let d(s) = 12*s**2 + 5*s + 3. What is d(3)?
126
Let u(w) = -w**3 - 32*w**2 - 153*w + 7. Give u(-26).
-71
Let j(l) = 652*l + 6480. Give j(-10).
-40
Let f(m) = 2*m + 123. Calculate f(16).
155
Let l(c) = -58*c**2 - 1564*c - 2. Calculate l(-27).
-56
Let m(z) = -2*z**2 - 245*z + 66791. Determine m(-254).
-11
Let a(f) = -81*f - 632. Give a(-8).
16
Let u(m) = 5*m**3 + 814*m**2 - 177*m - 2287. Give u(-163).
-5
Let b(k) = 5*k**2 - 122*k - 597. Give b(28).
-93
Let b(q) = -205*q**2 + 2461*q - 6. Calculate b(12).
6
Let v(q) = 4*q**3 - 22*q**2 + 5*q + 25. Give v(5).
0
Let h(i) = i**3 + 17*i**2 - 78*i - 360. Calculate h(-20).
0
Let o(k) = -2*k**3 + 40*k**2 - 127*k + 1. Give o(16).
17
Let q(v) = v**2 + 52*v + 21. What is q(-52)?
21
Let i(j) = j**3 + 71*j**2 - 93*j + 3913. Determine i(-73).
44
Let s(q) = q**2 + 673*q - 11028. Calculate s(16).
-4
Let i(j) = 40*j**2 - 2002*j + 168. Determine i(50).
68
Let t(m) = -9*m - 5. Calculate t(-17).
148
Let t(b) = 10*b + 265. What is t(-18)?
85
Let j(l) = 1729*l + 8650. What is j(-5)?
5
Let x(i) = -i**3 - 123*i**2 - 565*i - 8. Give x(-5).
-133
Let g(u) = 8*u**3 + 2*u**2 - 18*u + 24. Calculate g(3).
204
Let b(o) = o**3 + 42*o**2 - 61*o - 758. Calculate b(-43).
16
Let s(l) = -45*l + 710. What is s(20)?
-190
Let p(c) = -166*c**2 + 3649*c + 46. Calculate p(22).
-20
Let b(u) = 17*u**3 - 6*u**2 - u + 3. Give b(2).
113
Let b(l) = -4*l**3 + 73*l**2 - 16*l + 45. What is b(18)?
81
Let k(j) = -130*j - 1006. What is k(-8)?
34
Let u(j) = 737*j - 8. Determine u(0).
-8
Let j(y) = 119*y + 1672. Calculate j(-14).
6
Let s(z) = -z**3 + 22*z**2 + 376*z - 8113. Determine s(23).
6
Let g(x) = -48*x - 1202. Determine g(-25).
-2
Let d(s) = 30*s**2 + 124*s + 6. What is d(-4)?
-10
Let m(j) = j**3 - 7*j**2 - 42*j - 34. Determine m(11).
-12
Let p(o) = 1077*o - 4299. Give p(4).
9
Let w(a) = -a**3 - 25*a**2 + 121*a + 2475. Give w(-26).
5
Let g(j) = -20*j + 140. Give g(7).
0
Let h(f) = f**2 - 3*f - 809. Determine h(33).
181
Let i(t) = 8*t**2 - 482*t + 1382. What is i(3)?
8
Let v(a) = 22*a - 343. What is v(26)?
229
Let u(r) = 178*r**3 + r**2 + 6*r - 6. Determine u(1).
179
Let z(j) = -52*j**2 - 235*j - 103. Calculate z(-4).
5
Let k(w) = 35*w**2 + 4338*w - 236. Calculate k(-124).
12
Let s(a) = 4*a - 81. Give s(0).
-81
Let i(c) = 7*c**2 -